the remainder when 104190924 is divided by 2413?
2410
Calculate the remainder when 339125 is divided by 169316.
493
Calculate the remainder when 169689110 is divided by 1999.
1996
Calculate the remainder when 644781 is divided by 160.
141
Calculate the remainder when 166378 is divided by 1355.
1068
What is the remainder when 110303557 is divided by 2527?
7
Calculate the remainder when 2333747 is divided by 3019.
60
Calculate the remainder when 2654655 is divided by 2654648.
7
What is the remainder when 140876 is divided by 19985?
981
Calculate the remainder when 35974 is divided by 2778.
2638
Calculate the remainder when 2021924 is divided by 38148.
80
Calculate the remainder when 40849580 is divided by 235.
0
What is the remainder when 8202193 is divided by 820135?
843
Calculate the remainder when 6935401 is divided by 82.
5
Calculate the remainder when 27348 is divided by 2532.
2028
What is the remainder when 8138984 is divided by 132?
128
Calculate the remainder when 8350246 is divided by 50.
46
What is the remainder when 249617 is divided by 1845?
542
What is the remainder when 568234 is divided by 2008?
1978
What is the remainder when 243049948 is divided by 2608?
2604
What is the remainder when 263601 is divided by 11960?
481
Calculate the remainder when 2363061 is divided by 741.
12
What is the remainder when 879733 is divided by 4229?
101
Calculate the remainder when 5616424 is divided by 1382.
1358
What is the remainder when 30719729 is divided by 759?
722
Calculate the remainder when 400203 is divided by 123.
84
What is the remainder when 2479515 is divided by 522?
15
What is the remainder when 2731168 is divided by 41379?
154
Calculate the remainder when 10583733 is divided by 64.
53
What is the remainder when 270414 is divided by 18023?
69
Calculate the remainder when 20277218 is divided by 1588.
46
What is the remainder when 23471049 is divided by 101?
63
Calculate the remainder when 3847250 is divided by 74.
64
Calculate the remainder when 168020 is divided by 55764.
728
What is the remainder when 8649540 is divided by 1147?
13
Calculate the remainder when 3275671 is divided by 19498.
7
Calculate the remainder when 96420837 is divided by 3958.
3957
What is the remainder when 6980549 is divided by 6980349?
200
What is the remainder when 3008988 is divided by 8747?
20
Calculate the remainder when 11461185 is divided by 3820393.
6
Calculate the remainder when 5850982 is divided by 784.
774
What is the remainder when 286541 is divided by 143261?
19
What is the remainder when 2253414 is divided by 26?
20
Calculate the remainder when 5282900 is divided by 294.
14
What is the remainder when 56637630 is divided by 42810?
0
Calculate the remainder when 70221 is divided by 3406.
2101
What is the remainder when 36654 is divided by 3?
0
Calculate the remainder when 59000 is divided by 241.
196
Calculate the remainder when 362154748 is divided by 146.
142
What is the remainder when 129285037 is divided by 3494190?
7
What is the remainder when 364046 is divided by 367?
349
What is the remainder when 3454224 is divided by 20?
4
What is the remainder when 1966786 is divided by 35?
31
What is the remainder when 408913 is divided by 285?
223
What is the remainder when 125303707 is divided by 8?
3
What is the remainder when 2210287 is divided by 2506?
2501
What is the remainder when 18323715 is divided by 1682?
7
Calculate the remainder when 94994 is divided by 5253.
440
Calculate the remainder when 9989300 is divided by 13266.
2
What is the remainder when 133658 is divided by 3517?
12
What is the remainder when 8598321 is divided by 4244?
4221
Calculate the remainder when 250473 is divided by 62599.
77
Calculate the remainder when 18214839 is divided by 14.
13
Calculate the remainder when 1144084 is divided by 58.
34
Calculate the remainder when 2469025 is divided by 605.
20
What is the remainder when 137686582 is divided by 1915?
1912
Calculate the remainder when 8788363 is divided by 392.
115
Calculate the remainder when 2385791 is divided by 81.
17
Calculate the remainder when 29696 is divided by 310.
246
Calculate the remainder when 903268 is divided by 376.
116
Calculate the remainder when 355815 is divided by 32303.
482
Calculate the remainder when 693126 is divided by 346550.
26
Calculate the remainder when 11477159 is divided by 18.
17
What is the remainder when 1779683 is divided by 296605?
53
Calculate the remainder when 212026 is divided by 552.
58
Calculate the remainder when 3146763 is divided by 288.
75
What is the remainder when 2197757 is divided by 1098746?
265
What is the remainder when 25029808 is divided by 1755?
1753
Calculate the remainder when 701971 is divided by 247.
244
What is the remainder when 452167 is divided by 34780?
27
What is the remainder when 598709 is divided by 13346?
11485
What is the remainder when 5417100 is divided by 64?
12
Calculate the remainder when 410516 is divided by 12439.
29
Calculate the remainder when 6522 is divided by 2167.
21
Calculate the remainder when 323995 is divided by 318545.
5450
Calculate the remainder when 8419343 is divided by 3615.
8
Calculate the remainder when 739792 is divided by 246588.
28
What is the remainder when 5986459 is divided by 132?
127
Calculate the remainder when 673029 is divided by 5427.
81
Calculate the remainder when 301284 is divided by 46.
30
Calculate the remainder when 225150 is divided by 2371.
2276
Calculate the remainder when 64208033 is divided by 1583.
1553
What is the remainder when 32702 is divided by 1653?
1295
What is the remainder when 6467213 is divided by 1582?
1579
Calculate the remainder when 32703 is divided by 4113.
3912
Calculate the remainder when 78660 is divided by 15697.
175
What is the remainder when 80547 is divided by 19920?
867
What is the remainder when 1999580 is divided by 499591?
1216
Calculate the remainder when 1661842 is divided by 3839.
3394
Calculate the remainder when 2963661 is divided by 198.
195
Calculate the remainder when 240214 is divided by 79789.
847
Calculate the remainder when 74279384 is divided by 119999.
3
Calculate the remainder when 6905140 is divided by 266.
46
What is the remainder when 639192 is divided by 2959?
48
What is the remainder when 194086 is divided by 2231?
2220
Calculate the remainder when 887450 is divided by 6723.
14
Calculate the remainder when 39474631 is divided by 15.
1
Calculate the remainder when 77830 is divided by 9712.
134
Calculate the remainder when 148166 is divided by 1148.
74
What is the remainder when 15287958 is divided by 443?
28
What is the remainder when 4844186 is divided by 196?
46
Calculate the remainder when 172149342 is divided by 6429.
9
What is the remainder when 392151305 is divided by 291?
287
Calculate the remainder when 709069 is divided by 60.
49
Calculate the remainder when 432136 is divided by 573.
94
Calculate the remainder when 4324322 is divided by 134.
8
What is the remainder when 14667 is divided by 1799?
275
Calculate the remainder when 172721 is divided by 501.
377
Calculate the remainder when 264255 is divided by 7.
5
What is the remainder when 1391420 is divided by 44884?
16
Calculate the remainder when 2599416 is divided by 4113.
0
What is the remainder when 15346518 is divided by 5686?
4
Calculate the remainder when 6684326 is divided by 2228061.
143
Calculate the remainder when 941181237 is divided by 83.
81
Calculate the remainder when 487988 is divided by 162378.
854
What is the remainder when 277585 is divided by 189?
133
Calculate the remainder when 904304 is divided by 301361.
221
What is the remainder when 2567106 is divided by 2566052?
1054
Calculate the remainder when 11436789 is divided by 5862.
27
Calculate the remainder when 23763 is divided by 316.
63
What is the remainder when 52848 is divided by 1215?
603
Calculate the remainder when 581212 is divided by 581171.
41
What is the remainder when 293335 is divided by 2065?
105
Calculate the remainder when 261766 is divided by 129959.
1848
Calculate the remainder when 2121457917 is divided by 128.
125
What is the remainder when 1157493 is divided by 316?
301
Calculate the remainder when 2718041 is divided by 4137.
32
What is the remainder when 45915 is divided by 2665?
610
What is th